vided by 37?
32
What is the remainder when 244 is divided by 50?
44
Calculate the remainder when 3210 is divided by 22.
20
What is the remainder when 21977 is divided by 66?
65
What is the remainder when 1454 is divided by 13?
11
Calculate the remainder when 1460 is divided by 24.
20
What is the remainder when 97 is divided by 10?
7
What is the remainder when 25 is divided by 8?
1
What is the remainder when 27 is divided by 22?
5
Calculate the remainder when 639 is divided by 23.
18
What is the remainder when 16 is divided by 11?
5
What is the remainder when 1002 is divided by 264?
210
Calculate the remainder when 3038 is divided by 17.
12
What is the remainder when 61 is divided by 7?
5
What is the remainder when 5365 is divided by 67?
5
Calculate the remainder when 1649 is divided by 5.
4
What is the remainder when 3701 is divided by 70?
61
Calculate the remainder when 475 is divided by 44.
35
Calculate the remainder when 220 is divided by 17.
16
Calculate the remainder when 286 is divided by 103.
80
What is the remainder when 774 is divided by 44?
26
What is the remainder when 68 is divided by 9?
5
Calculate the remainder when 115 is divided by 85.
30
What is the remainder when 985 is divided by 55?
50
What is the remainder when 211 is divided by 54?
49
Calculate the remainder when 1640 is divided by 152.
120
Calculate the remainder when 5300 is divided by 26.
22
Calculate the remainder when 750 is divided by 375.
0
Calculate the remainder when 3518 is divided by 11.
9
What is the remainder when 538 is divided by 11?
10
What is the remainder when 244 is divided by 41?
39
Calculate the remainder when 570 is divided by 287.
283
What is the remainder when 1157 is divided by 114?
17
What is the remainder when 272 is divided by 142?
130
Calculate the remainder when 256 is divided by 20.
16
What is the remainder when 507 is divided by 120?
27
What is the remainder when 1177 is divided by 19?
18
What is the remainder when 1466 is divided by 70?
66
What is the remainder when 13388 is divided by 18?
14
Calculate the remainder when 423 is divided by 25.
23
Calculate the remainder when 114 is divided by 39.
36
What is the remainder when 1670 is divided by 183?
23
Calculate the remainder when 604 is divided by 196.
16
Calculate the remainder when 1600 is divided by 527.
19
What is the remainder when 151 is divided by 19?
18
Calculate the remainder when 2643 is divided by 49.
46
What is the remainder when 1036 is divided by 58?
50
What is the remainder when 540 is divided by 141?
117
What is the remainder when 1699 is divided by 41?
18
Calculate the remainder when 205 is divided by 52.
49
Calculate the remainder when 1163 is divided by 173.
125
Calculate the remainder when 353 is divided by 40.
33
What is the remainder when 188 is divided by 24?
20
Calculate the remainder when 268 is divided by 68.
64
What is the remainder when 47 is divided by 6?
5
What is the remainder when 1966 is divided by 4?
2
Calculate the remainder when 867 is divided by 14.
13
What is the remainder when 134 is divided by 37?
23
What is the remainder when 5182 is divided by 108?
106
Calculate the remainder when 183 is divided by 49.
36
Calculate the remainder when 429 is divided by 180.
69
What is the remainder when 363 is divided by 186?
177
Calculate the remainder when 183 is divided by 6.
3
What is the remainder when 97 is divided by 49?
48
What is the remainder when 580 is divided by 199?
182
Calculate the remainder when 88 is divided by 17.
3
Calculate the remainder when 178 is divided by 30.
28
What is the remainder when 317 is divided by 160?
157
What is the remainder when 2308 is divided by 66?
64
What is the remainder when 483 is divided by 128?
99
Calculate the remainder when 123 is divided by 20.
3
Calculate the remainder when 449 is divided by 25.
24
What is the remainder when 524 is divided by 25?
24
What is the remainder when 1627 is divided by 447?
286
What is the remainder when 434 is divided by 65?
44
What is the remainder when 321 is divided by 13?
9
What is the remainder when 521 is divided by 38?
27
Calculate the remainder when 294 is divided by 63.
42
What is the remainder when 916 is divided by 5?
1
Calculate the remainder when 322 is divided by 75.
22
What is the remainder when 8943 is divided by 126?
123
Calculate the remainder when 58 is divided by 15.
13
Calculate the remainder when 358 is divided by 36.
34
Calculate the remainder when 916 is divided by 290.
46
Calculate the remainder when 221 is divided by 14.
11
Calculate the remainder when 140 is divided by 4.
0
What is the remainder when 15 is divided by 5?
0
What is the remainder when 73 is divided by 18?
1
Calculate the remainder when 902 is divided by 243.
173
Calculate the remainder when 4682 is divided by 21.
20
What is the remainder when 185 is divided by 46?
1
What is the remainder when 7579 is divided by 96?
91
Calculate the remainder when 2000 is divided by 9.
2
What is the remainder when 432 is divided by 29?
26
What is the remainder when 1011 is divided by 92?
91
What is the remainder when 216 is divided by 210?
6
Calculate the remainder when 176 is divided by 104.
72
Calculate the remainder when 54 is divided by 36.
18
What is the remainder when 661 is divided by 170?
151
What is the remainder when 4308 is divided by 10?
8
What is the remainder when 234 is divided by 107?
20
What is the remainder when 347 is divided by 22?
17
What is the remainder when 1375 is divided by 276?
271
What is the remainder when 832 is divided by 7?
6
What is the remainder when 1838 is divided by 20?
18
Calculate the remainder when 289 is divided by 73.
70
What is the remainder when 787 is divided by 58?
33
Calculate the remainder when 78 is divided by 10.
8
Calculate the remainder when 4199 is divided by 28.
27
What is the remainder when 284 is divided by 57?
56
Calculate the remainder when 2172 is divided by 91.
79
What is the remainder when 11249 is divided by 268?
261
What is the remainder when 1386 is divided by 456?
18
What is the remainder when 753 is divided by 26?
25
What is the remainder when 1004 is divided by 126?
122
Calculate the remainder when 323 is divided by 79.
7
What is the remainder when 9 is divided by 6?
3
What is the remainder when 197 is divided by 11?
10
What is the remainder when 910 is divided by 61?
56
Calculate the remainder when 103 is divided by 26.
25
What is the remainder when 137 is divided by 35?
32
What is the remainder when 249 is divided by 17?
11
What is the remainder when 214 is divided by 45?
34
What is the remainder when 314 is divided by 67?
46
What is the remainder when 1041 is divided by 27?
15
What is the remainder when 213 is divided by 102?
9
Calculate the remainder when 22 is divided by 3.
1
What is the remainder when 194 is divided by 12?
2
What is the remainder when 1156 is divided by 58?
54
Calculate the remainder when 870 is divided by 93.
33
What is the remainder when 742 is divided by 68?
62
Calculate the remainder when 1242 is divided by 248.
2
What is the remainder when 34 is divided by 6?
4
Calculate the remainder when 162 is divided by 18.
0
Calculate the remainder when 4513 is divided by 902.
3
Calculate the remainder when 519 is divided by 215.
89
Calculate the remainder when 1307 is divided by 95.
72
What is the remainder when 1171 is divided by 56?
51
Calculate the remainder when 7076 is divided by 12.
8
What is the remainder when 274 is divided by 46?
44
What is the remainder when 97 is divided by 5?
2
What is the remainder when 1670 is divided by 44?
42
What is the remainder when 82 is divided by 34?
14
Calculate the remainder when 1647 is divided by 408.
15
What is the remainder when 471 is divided by 11?
9
Calculate the remainder when 76 is divided by 56.
20
Calculate the remainder when 2121 is divided by 66.
9
What is the remainder when 2203 is divided by 35?
33
Calculate the remainder when 203 is divided by 31.
17
Calculate the remainder when 185 is divided by 58.
11
What is the remainder when 252 is divided by 68?
48
What is the remainder when 50 is divided by 11?
6
What is the remainder when 176 is divided by 60?
56
What is the remainder when 3872 is divided by 76?
72
What is the remainder when 31 is divided by 9?
4
Calculate the rema